posite?
True
Is 34457 prime?
True
Is 7789 composite?
False
Is 99859 a composite number?
False
Is 12790949 a prime number?
True
Is 743549 composite?
False
Is 227719 composite?
False
Is 145066 prime?
False
Is 32087 composite?
True
Is 16743 composite?
True
Is 1151 a composite number?
False
Is 49109 a prime number?
True
Is 11677 a composite number?
False
Is 247183 a composite number?
False
Is 861797 composite?
False
Is 41729 composite?
False
Is 68763 a composite number?
True
Is 2839 prime?
False
Is 3043 prime?
False
Is 12185 a composite number?
True
Is 211 a prime number?
True
Is 5249 a prime number?
False
Is 118211 a prime number?
True
Is 497449 prime?
True
Is 1293787 composite?
True
Is 3599 a composite number?
True
Is 23434 composite?
True
Is 229427 composite?
True
Is 915797 prime?
False
Is 26149 prime?
False
Is 757 a composite number?
False
Is 123787 composite?
False
Is 594889 a prime number?
True
Is 51931 a composite number?
True
Is 3079 a composite number?
False
Is 112549 a composite number?
True
Is 197674 prime?
False
Is 19523 prime?
False
Is 1052797 a prime number?
True
Is 764399 composite?
False
Is 7057 prime?
True
Is 32603 composite?
False
Is 41467 a composite number?
False
Is 31777 a composite number?
True
Is 8191 a prime number?
True
Is 391901 prime?
False
Is 54869 a prime number?
True
Is 226871 a composite number?
False
Is 797773 a composite number?
False
Is 149803 a prime number?
True
Is 32773 composite?
True
Is 16873 a prime number?
False
Is 128099 a composite number?
False
Is 62459 prime?
True
Is 7601 a prime number?
False
Is 80309 a prime number?
True
Is 12235 a composite number?
True
Is 135371 a prime number?
False
Is 30593 a composite number?
False
Is 34973 composite?
True
Is 6898 a composite number?
True
Is 48437 a prime number?
True
Is 430243 composite?
True
Is 151447 composite?
True
Is 15245 a prime number?
False
Is 93077 a composite number?
False
Is 40231 a prime number?
True
Is 10834 prime?
False
Is 34123 composite?
False
Is 146737 a prime number?
False
Is 9094 a composite number?
True
Is 2039 a prime number?
True
Is 56807 a prime number?
True
Is 572597 a prime number?
True
Is 10871 prime?
False
Is 121229 a composite number?
False
Is 14227 composite?
True
Is 19843 composite?
False
Is 40693 a composite number?
False
Is 16411 a composite number?
False
Is 757495 composite?
True
Is 27883 prime?
True
Is 21137 a composite number?
True
Is 24317 a prime number?
True
Is 347289 prime?
False
Is 57149 prime?
True
Is 72269 a prime number?
True
Is 1618621 a prime number?
False
Is 769843 a prime number?
False
Is 2775403 prime?
False
Is 1259 composite?
False
Is 2159 a prime number?
False
Is 7647 a composite number?
True
Is 806177 composite?
False
Is 171181 a prime number?
False
Is 12057 composite?
True
Is 307015 prime?
False
Is 1236701 a composite number?
False
Is 1657 composite?
False
Is 834869 a prime number?
False
Is 214 composite?
True
Is 7321 a prime number?
True
Is 1029103 prime?
True
Is 12763 composite?
False
Is 26337 prime?
False
Is 2579 composite?
False
Is 581891 a composite number?
False
Is 2627 prime?
False
Is 131861 composite?
False
Is 38587 composite?
True
Is 130387 composite?
True
Is 71945 a prime number?
False
Is 3371 a composite number?
False
Is 85 a composite number?
True
Is 45699 composite?
True
Is 9533 prime?
True
Is 3163 a prime number?
True
Is 50453 a prime number?
False
Is 38989 a composite number?
True
Is 136237 prime?
True
Is 86543 a prime number?
False
Is 431097 composite?
True
Is 1723789 prime?
False
Is 22094 a prime number?
False
Is 62597 prime?
True
Is 20849 composite?
False
Is 26661 a composite number?
True
Is 84937 composite?
True
Is 58177 a composite number?
True
Is 115979 a prime number?
True
Is 158113 composite?
False
Is 12659 a composite number?
False
Is 385603 a composite number?
True
Is 203741 a prime number?
False
Is 73345 a composite number?
True
Is 6521 a prime number?
True
Is 400763 prime?
False
Is 13157 a prime number?
False
Is 37039 a composite number?
False
Is 159917 a composite number?
True
Is 175957 prime?
False
Is 5095 composite?
True
Is 923107 a prime number?
True
Is 82067 a composite number?
False
Is 532913 prime?
False
Is 96893 composite?
False
Is 1088081 prime?
True
Is 13649 prime?
True
Is 68767 a composite number?
False
Is 1331089 a composite number?
True
Is 16057 prime?
True
Is 267959 prime?
True
Is 146 a prime number?
False
Is 3611 a prime number?
False
Is 39803 a prime number?
False
Is 446353 a composite number?
False
Is 403289 a prime number?
True
Is 59617 composite?
False
Is 325297 a prime number?
False
Is 27113 a prime number?
False
Is 728509 a prime number?
False
Is 11261 a prime number?
True
Is 20321 a composite number?
True
Is 547271 a prime number?
True
Is 1695589 a composite number?
True
Is 185161 a composite number?
False
Is 535697 a prime number?
True
Is 108577 a composite number?
True
Is 261691 a composite number?
True
Is 349627 a prime number?
False
Is 24611 prime?
True
Is 5381 prime?
True
Is 34039 composite?
False
Is 5007341 prime?
True
Is 154097 composite?
False
Is 29461 a prime number?
False
Is 860447 a prime number?
False
Is 958729 a composite number?
False
Is 44071 a prime number?
True
Is 178739 a composite number?
True
Is 160133 composite?
True
Is 12421 prime?
True
Is 750089 prime?
False
Is 28387 a composite number?
False
Is 3629 a composite number?
True
Is 341947 composite?
False
Is 879262 a composite number?
True
Is 185695 prime?
False
Is 21743 a composite number?
True
Is 48403 a prime number?
False
Is 642049 a prime number?
True
Is 144758 a composite number?
True
Is 283907 composite?
True
Is 3977 prime?
False
Is 2456423 a prime number?
False
Is 55849 prime?
True
Is 445579 prime?
False
Is 332407 a prime number?
False
Is 19207 a prime number?
True
Is 1945 a composite number?
True
Is 7317253 a prime number?
True
Is 4667 a prime number?
False
Is 576113 composite?
True
Is 1100219 prime?
True
Is 101737 a composite number?
False
Is 1894345 a composite number?
True
Is 80777 composite?
False
Is 6317 prime?
True
Is 128287 a composite number?
False
Is 7069 composite?
False
Is 23194 a prime number?
False
Is 7283 composite?
False
Is 1255 a prime number?
False
Is 224527 composite?
False
Is 18946 prime?
False
Is 2159 prime?
False
Is 456655 prime?
False
Is 629315 prime?
False
Is 174569 a prime number?
True
Is 569333 a prime number?
False
Is 2045 composite?
True
Is 3207745 a composite number?
True
Is 9661 prime?
True
Is 1563 composite?
True
Is 547249 a prime number?
True
Is 536806 a composite number?
True
Is 1853 a composite number?
True
Is 18119 prime?
True
Is 473509 prime?
False
Is 27239 composite?
False
Is 305062 prime?
False
Is 179 a composite number?
False
Is 7853 composite?
False
Is 390509 a prime number?
False
Is 41669 a composite number?
False
Is 64151 prime?
True
Is 7835 composite?
True
Is 11183 composite?
True
Is 1339259 prime?
True
Is 12459 prime?
False
Is 48283 a prime number?
False
Is 8101 a prime number?
True
Is 37039 prime?
True
Is 6407 a composite number?
True
Is 129697 a composite number?
True
Is 440007 a composite number?
True
Is 984667 composite?
False
Is 109987 a composite number?
False
Is 1637 composite?
False
Is 9155 prime?
False
Is 103451 a composite number?
False
Is 28429 a composite number?
False
Is 32603 prime?
True
Is 1114 prime?
False
Is 23531 a composite number?
False
Is 165079 composite?
False
Is 721355 composite?
True
Is 5207 prime?
False
Is 9029 prime?
True
Is 1471 a prime number?
True
Is 2053 composite?
False
Is 51549 a composite number?
True
Is 12323 a composite number?
False
Is 409939 composite?
True
Is 1008809 a prime number?
True
Is 38345 composite?
True
Is 1161137 composite?
False
Is 4783 prime?
True
Is 15809 prime?
True
Is 1069 composite?
False
Is 383739 a composite number?
True
Is 1137973 composite?
False
Is 11707 prime?
False
Is 49451 a composite number?
False
Is 81241 a prime number?
False
Is 1135259 a composite number?
True
Is 24239 a prime number?
True
Is 25433 a composite number?
True
Is 31637 composite?
True
Is 51443 a prime number?
False
Is 337 prime?
True
Is 5669 prime?
True
Is 36689 a prime number?
False
Is 5731 prime?
False
Is 165989 a prime number?
False
Is 10057 a prime number?
False
Is 33207 a prime number?
False
Is 513731 pri